-3
Let u(j) = -6*j + 10. Calculate u(6).
-26
Let c(j) = j**2 + 8*j + 4. Give c(-8).
4
Let x(j) = 2*j**2 - 63*j + 117. Calculate x(30).
27
Let i(z) = -z**2 + 4*z + 18. Give i(8).
-14
Let i(r) = r**3 - 5*r**2 - 13*r. What is i(7)?
7
Let h(b) = 5*b + 33. Calculate h(-8).
-7
Let y(m) = 3*m**3 - 13*m**2 - 4*m - 17. What is y(5)?
13
Let p(n) = n**3 + 3*n**2 - 2*n - 4. Calculate p(-4).
-12
Let w(b) = -16*b - 47. Determine w(-3).
1
Let r(b) = -b**3 + 11*b**2 - 11*b - 1. Determine r(10).
-11
Let t(g) = -2*g**2 - 6*g + 11. Give t(-4).
3
Let b(y) = y + 22. Calculate b(-6).
16
Let y(m) = -m**2 + 15*m - 31. Calculate y(13).
-5
Let j(t) = 2*t**2 - 15*t - 1. What is j(10)?
49
Let p(a) = a**2 - a - 6. Determine p(2).
-4
Let x(i) = i**3 - 20*i**2 + 19*i - 12. What is x(19)?
-12
Let c(n) = -2*n**3 - 13*n**2 + 24*n - 9. Give c(-8).
-9
Let l(n) = 21*n - 90. Calculate l(4).
-6
Let y(a) = -a + 6. Calculate y(9).
-3
Let o(a) = a**3 + 4*a**2 - 2*a - 1. Give o(-5).
-16
Let m(f) = -2*f - 1. Determine m(-3).
5
Let v(o) = 3*o**2 + 3*o + 1. Determine v(-2).
7
Let o(f) = 9*f + 21. What is o(-3)?
-6
Let j(v) = -4*v - 31. Give j(-10).
9
Let r(v) = v**3 + v**2 - v. Calculate r(-2).
-2
Let q(b) = b**2 - 9*b + 14. What is q(9)?
14
Let a(b) = -b**3 - 6*b**2 + 9*b + 7. Determine a(2).
-7
Let o(k) = k**3 - 10*k**2 + 11*k + 5. What is o(9)?
23
Let v(g) = -11*g**2 + 1. Determine v(-1).
-10
Let u(q) = q + 26. Give u(-32).
-6
Let b(r) = -2*r - 7. Calculate b(4).
-15
Let k(x) = -x**3 - 2*x**2 + 3. Determine k(-5).
78
Let s(f) = -f**2 - 30*f - 54. What is s(-30)?
-54
Let q(w) = -w**3 - 5*w**2 + 19*w - 38. Calculate q(-8).
2
Let c(o) = -o**2 - 10*o + 15. What is c(-12)?
-9
Let w(i) = -i**2 + 15*i + 12. Calculate w(15).
12
Let o(y) = -y + 9. Calculate o(11).
-2
Let g(q) = -q**3 - 8*q**2 + q + 7. What is g(-7)?
-49
Let i(j) = -j**2 - 11*j + 21. What is i(-14)?
-21
Let x(f) = 2*f**2 + 12*f - 10. What is x(-6)?
-10
Let a(j) = -j**2 + 14*j - 16. What is a(14)?
-16
Let o(j) = j**3 + 7*j**2 + 6*j + 2. What is o(-2)?
10
Let o(g) = -g**2 - 9*g + 8. What is o(-9)?
8
Let g(c) = 13*c + 6. Calculate g(3).
45
Let c(o) = -10*o + 63. Determine c(7).
-7
Let m(z) = 6*z - 17. Calculate m(6).
19
Let c(z) = z**2 - 16*z - 37. Determine c(17).
-20
Let h(f) = -9*f - 47. Give h(-5).
-2
Let i(j) = j**3 - 22*j**2 + 26*j - 24. Give i(21).
81
Let g(w) = -w**3 + 4*w**2 + 3*w + 6. What is g(4)?
18
Let w(f) = -5*f + 19. What is w(9)?
-26
Let x(a) = 5*a - 13. Give x(7).
22
Let i(h) = -h**3 + 15*h**2 + 20*h + 13. Determine i(16).
77
Let t(f) = -f**2 - 11*f - 7. Determine t(-8).
17
Let p(g) = g**3 + 10*g**2 + 7*g + 19. Give p(-10).
-51
Let c(z) = -3*z**3 - 3*z**2 - 5. Give c(-2).
7
Let m(z) = 4*z - 3. Determine m(-6).
-27
Let j(w) = 6*w + 33. What is j(-7)?
-9
Let g(y) = -y**2 - 25*y + 62. Determine g(-26).
36
Let z(f) = -f + 2. Determine z(9).
-7
Let v(o) = -o**2 - 18*o - 15. Calculate v(-13).
50
Let d(p) = p**3 + 4*p**2 - 3*p + 5. What is d(-5)?
-5
Let d(n) = n**3 + 6*n**2 - 8*n - 1. What is d(-7)?
6
Let n(f) = 5*f + 15. Determine n(-3).
0
Let h(m) = 36*m + 1. Determine h(1).
37
Let s(l) = 2*l**3 + 3*l**2 - 5*l + 6. Determine s(-3).
-6
Let z(t) = t**3 + 4*t**2 - 2. Determine z(-4).
-2
Let s(v) = v**3 - v**2 - 5*v + 14. Determine s(6).
164
Let l(r) = 3*r + 6. Calculate l(-2).
0
Let i(x) = -x**3 - 8*x**2 - 2*x + 9. What is i(-8)?
25
Let w(l) = l**3 + 6*l**2 - 3*l - 20. Determine w(-6).
-2
Let m(o) = -o**2 + o + 5. Calculate m(-4).
-15
Let v(n) = -17*n - 164. Calculate v(-10).
6
Let j(d) = 14*d - 120. Determine j(9).
6
Let x(t) = 6*t**2 - 82*t - 11. Calculate x(14).
17
Let r(o) = -o**3 - 4*o**2 + 18*o + 12. Give r(-7).
33
Let a(v) = -17*v - 517. Determine a(-30).
-7
Let q(u) = -u**2 + 13*u + 56. Calculate q(15).
26
Let p(j) = -j**3 + 21*j**2 + 49*j - 66. Determine p(23).
3
Let k(b) = 54*b + 3. Calculate k(1).
57
Let c(w) = 8*w**3 + w**2 + 2*w + 1. Give c(-1).
-8
Let j(h) = -h**2 - 5*h + 68. Determine j(-11).
2
Let b(v) = v**3 + 7*v**2 - 11*v - 20. Determine b(-8).
4
Let x(u) = -6*u + 99. What is x(15)?
9
Let k(m) = m**2 + 8*m + 18. Give k(-3).
3
Let s(z) = 3*z + 59. Calculate s(-24).
-13
Let l(v) = -5*v + 36. Determine l(7).
1
Let b(r) = 2*r**2 - 4*r + 5. Give b(2).
5
Let q(u) = -u**2 - 11*u + 6. Determine q(-14).
-36
Let w(z) = z**3 + 5*z**2 - 5. Determine w(-6).
-41
Let o(y) = y + 19. What is o(-10)?
9
Let a(g) = 9*g + 135. Calculate a(-14).
9
Let h(y) = -y**3 - 8*y**2 - 8*y + 9. Calculate h(-8).
73
Let r(f) = f**3 + 7*f**2 - f - 12. Determine r(-7).
-5
Let o(m) = -9*m + 12. Calculate o(-2).
30
Let o(c) = c**2 - 16*c + 3. What is o(15)?
-12
Let l(c) = -2*c - 3. Calculate l(-6).
9
Let q(l) = -l**3 + 30*l**2 + 36*l - 151. What is q(31)?
4
Let b(j) = -5*j**3 + 2*j**2 - 5*j + 2. Determine b(1).
-6
Let u(a) = a**3 - 12*a**2 - 11*a - 16. Give u(13).
10
Let k(l) = -31*l**2 + l. Calculate k(1).
-30
Let z(v) = 16*v + 97. What is z(-10)?
-63
Let v(j) = -j**2 - 3*j + 4. Give v(-3).
4
Let m(j) = j**3 - 17*j**2 + j - 12. Give m(17).
5
Let b(a) = -15*a - 11. What is b(-1)?
4
Let n(k) = -17*k + 32. Determine n(0).
32
Let h(w) = -w**3 + 28*w**2 + 2*w - 52. Determine h(28).
4
Let u(r) = -2*r**2 + 13*r + 62. What is u(10)?
-8
Let z(x) = -x**2 - 14*x - 9. Calculate z(-13).
4
Let x(h) = -3*h + 14. Determine x(13).
-25
Let b(z) = 40*z - 7. Give b(0).
-7
Let t(u) = 2*u**2 - 17*u + 10. Calculate t(8).
2
Let t(y) = y**3 - 2*y**2 - 6. What is t(0)?
-6
Let o(f) = -17*f + 123. Give o(7).
4
Let y(x) = x**3 + 4*x**2 - x + 4. Give y(-4).
8
Let y(s) = s**2 - 4*s - 8. Give y(0).
-8
Let f(x) = -54*x + 55. What is f(1)?
1
Let q(y) = -y**2 + y + 6. Give q(4).
-6
Let f(o) = -o**2 + 3*o + 2. Determine f(8).
-38
Let a(m) = -m - 23. Determine a(14).
-37
Let g(t) = -t**3 + 4*t**2 - 2*t - 6. Give g(0).
-6
Let j(w) = 3*w - 4. Give j(-8).
-28
Let z(c) = 2*c**2 - 10*c + 9. Give z(7).
37
Let d(c) = c**3 + 9*c**2 + 18*c + 6. Determine d(-5).
16
Let b(n) = -2*n**3 - 2*n**2 + 3*n + 1. What is b(-2)?
3
Let s(k) = -k**3 + 3*k**2 + k - 11. Give s(5).
-56
Let u(s) = -s**3 - 7*s**2 - 7*s + 9. Calculate u(-7).
58
Let u(t) = -13*t. Determine u(1).
-13
Let u(b) = b**3 - 14*b**2 - 21*b + 17. What is u(15)?
-73
Let g(t) = -2*t**2 - 99*t - 47. What is g(-49)?
2
Let h(x) = -7*x + 4. Give h(2).
-10
Let t(u) = u**3 + 3*u**2 + 3*u + 23. Calculate t(-4).
-5
Let n(i) = -i**3 + 15*i**2 + 21*i - 84. Calculate n(16).
-4
Let z(o) = o**3 - 9*o**2 + 16*o. Calculate z(7).
14
Let q(u) = -10*u + 36. Determine q(4).
-4
Let m(p) = p**3 - p**2 + 3*p. Calculate m(2).
10
Let z(d) = -d**2 + 2*d - 4. Determine z(-4).
-28
Let q(m) = -m**2 + 21*m - 43. What is q(19)?
-5
Let a(v) = -11*v**2 - 3*v + 6. Calculate a(-4).
-158
Let q(h) = 15*h - 1. Determine q(-5).
-76
Let w(l) = 4*l**2 - 7*l - 9. Give w(5).
56
Let z(b) = -b**3 + 7*b**2 + 6*b. Calculate z(8).
-16
Let w(q) = 2*q**2 + 34*q + 125. Calculate w(-5).
5
Let v(z) = 2*z**2 - 9*z + 5. Determine v(3).
-4
Let y(j) = -6*j + 8. Calculate y(-2).
20
Let h(c) = 2*c**2 + 5*c - 4. What is h(-4)?
8
Let y(b) = -b**2 - 17*b - 23. Give y(-16).
-7
Let z(w) = w**3 - 15*w**2 + 16*w - 20. What is z(14)?
8
Let j(a) = -2*a + 1. What is j(-7)?
15
Let s(r) = r**3 + 18*r**2 + 6. Give s(-18).
6
Let u(v) = -v - 49. Determine u(0).
-49
Let m(h) = -h**3 + 14*h**2 + 16*h - 18. Give m(15).
-3
Let a(j) = -11*j**3 + 2*j**2 + 2*j. Calculate a(-1).
11
Let u(d) = d - 1. Give u(-6).
-7
Let x(w) = -w**2 - 16*w - 39. Give x(-7).
24
Let r(s) = -3*s**3 - 6*s**2 + 5*s - 7. Determine r(-3).
5
Let q(b) = b**2 + b - 4. Give q(-3).
2
Let l(o) = o**2 - 10*o - 4. Give l(11).
7
Let h(d) = -24*d + 63. Determine h(6).
-81
Let x(b) = -21*b + 64. What is x(4)?
-20
Let j(m) = m**3 + 11*m**2 + 8*m - 43. Determine j(-10).
-23
Let v(m) = m**3 + 34*m**2 + 3*m + 114. Determine v(-34).
12
Let r(k) = -k**3 + 14*k**2 - 12*k - 7. Determine r(13).
6
Let s(v) = -v**3 - 10*v**2 - 22*v + 10. Determine s(-6).
-2
Let m(q) = 2*q**3 + 2*q**2 - q + 2. Calculate m(-3).
-31
Let u(l) = 10*l**2 + 3*l + 6. Give u(-3).
87
Let r(d) = d**3 - 7*d**2 + 4*d + 6. What is r(6)?
-6
Let r(w) = -w**3 - 7*w**2 - w + 1. Determine r(-4).
-43
Let o(s) = 2*s + 6. What is o(0)?
6
Let k(d) = 10*d**3 - d**2 - d + 1. Determine k(1).
9
Let z(y) = y**3 - 3*y**2 - 15*y + 24. Determine z(5).
-1
Let x(j) = 2*j**2 + 13*j + 16. What is x(-5)?
1
